 of o(6)?
8
Let m = 31 + -28. Suppose -o - 423 = -4*a, 4*a - 3*o = m*a + 103. What is the units digit of a?
6
Let l = 11 + -8. Let x = 22 + -22. Suppose -l*j + 100 - 22 = x. What is the units digit of j?
6
Let k(b) = 86*b - 1. Let c be k(1). Let p = -61 + c. What is the tens digit of p?
2
Suppose 0 = c + 4*a - 2, 4*c - a - 39 = 20. Let k(x) = x**2 - 5*x + 6. What is the units digit of k(c)?
2
Let b be 206*(-1 + -1)/(-2). Let u = b + -64. What is the hundreds digit of u?
1
Suppose 6*d + 3*d - 27 = 0. Suppose 0 = 3*n - 0*n - 4*j - 8, 2*n - j = 2. Suppose -f + 5*h + 4 = n, d*h + 1 - 40 = -4*f. What is the units digit of f?
9
Let m = -13 + 16. Suppose 1040 = -m*q + 13*q. What is the units digit of q?
4
Let z(f) = 3*f**2 + 9*f + 15. What is the hundreds digit of z(-10)?
2
Let i(p) = p**2 - 2. Let g be i(3). Let m(f) = f + 1. Let b be m(g). What is the units digit of b/(-36) - 83/(-9)?
9
Let c(m) = -2*m**3 - 18*m**2 - m - 6. Let b be c(-9). Suppose b*k - 3 = 0, -124 = -4*r - k + 329. What is the tens digit of r?
1
Suppose 0 = 3*g + 4*a - 7*a + 3378, -5*a = g + 1120. Let t = -781 - g. What is the tens digit of t?
4
Let z be 5 + -2 + -6 + (-510)/(-2). Suppose 126 = s - 5*m, 2*s - 2*m = 3*m + z. What is the tens digit of s?
2
Let j(q) = -q. Suppose -3 = -5*h - o + 3, 0 = 5*h - 5*o. Let y be j(h). What is the units digit of (y + 2 + -3)*-8?
6
Let b = -395 + 1168. Suppose 0 = 5*a + 3*i - b, -2*a - 5*i - 30 + 343 = 0. What is the tens digit of a?
5
Let o be (-4*(2 + 10))/(-1). Suppose -3*t + 2*n = -n - o, 5*t - 90 = 3*n. What is the units digit of t?
1
Suppose 3*g + 10 = 3*h - 32, -g = 4*h - 31. Suppose -123 = -12*m + h*m. What is the units digit of m?
1
Let i be (-14)/(3 - 2 - -1). What is the units digit of (i - 21)*(-2 + (-3 - -1))?
2
Suppose f - 3*a = 574, 1716 = 2*f + 5*a + 513. What is the units digit of f?
9
Let s be (-117 - 0) + 6 + (6 - 9). What is the tens digit of 115/(-2)*s/95?
6
Suppose 165 = -12*m + m. Let l(o) = 27*o**2 + 2*o - 1. Let n be l(1). Let c = m + n. What is the units digit of c?
3
What is the hundreds digit of 623 + (6/(-2))/(-3)?
6
Let x(w) = 5*w**2 + 10*w - 12. What is the units digit of x(-10)?
8
Let p be 4/((-16)/(-636)) + 3. Suppose -2*j - 22 = -p. Suppose j = 2*t + 20. What is the tens digit of t?
2
What is the units digit of (12/8 + 3)*(660 + -24)?
2
Let d be 15 - 14 - 3/1. Let h be -6*1*1/d. Suppose 4*l - 2*s + 0*s - 210 = 0, -s = -h*l + 158. What is the tens digit of l?
5
Let y(x) be the first derivative of -6*x**2 + 11*x - 3. What is the tens digit of y(-8)?
0
Suppose 0 = -4*c - 4*a - 418 + 1934, -3 = -a. What is the hundreds digit of c?
3
Let x = -53 - 12. Suppose -3 = 3*h - 33. What is the tens digit of (-6)/h + (-3029)/x?
4
Let r = -595 + 1912. What is the tens digit of r?
1
Suppose -2706 = -5*m - 3*f, -f + 1282 = 5*m - 1420. What is the tens digit of m?
4
Let m = -257 - -361. Suppose -j + m = -17. What is the tens digit of j?
2
Suppose -p = 2*p - 12. Let j = 78 + -75. What is the units digit of p*j/12*2?
2
Let g = -5 - -6. Let o(d) = 4*d + 1. Let k be o(g). Suppose 23 = 2*z + n, 3*z + k*n - 22 - 9 = 0. What is the tens digit of z?
1
Suppose 0 = 3*q + 4*z - 773, 0 = -2*q - 2*z + 391 + 123. What is the tens digit of q?
5
Let p = 2789 - 766. What is the tens digit of p?
2
Suppose 41*d = 43*d - 1708. What is the hundreds digit of d?
8
Suppose 430 = 3*y - 2*f, 2*f + 286 = 3*y - y. What is the units digit of y?
4
Let r(i) = 65*i + 1. Let n be r(1). Suppose -n = 3*b - 252. What is the units digit of b?
2
Let b = 279 - -124. What is the tens digit of b?
0
Suppose -74*p + 84461 = -p. What is the hundreds digit of p?
1
Let w(n) = -39*n - 8. Let o be w(-2). Let i = o - -10. What is the units digit of i?
0
What is the hundreds digit of 3568/15 + (-4)/(-30)?
2
Suppose -5 = -k + g - 0*g, 0 = -2*k + 3*g + 13. Suppose 2 = 4*m - k. Suppose 3*w - m = 5. What is the units digit of w?
2
Suppose -2*s + 70 = 4*p, -4*p + 42 + 25 = 3*s. Suppose 2*d - 12 = -3*w, 4*w - p = 4*d - 7*d. Suppose j - 10 = -d. What is the units digit of j?
1
Let o(y) = -y + 38. Suppose 2*m = 4*t + 5*m + 32, 5*t + 43 = -3*m. What is the tens digit of o(t)?
4
Let c = -19 + 13. Let u be c/(-4)*(-5 - -25). Suppose 0 = 3*t - 5*t + u. What is the tens digit of t?
1
Suppose -6589 = -26*c + 4305. What is the units digit of c?
9
Let l(a) = -5*a**3 + 22*a**2 + 10*a + 9. What is the tens digit of l(-4)?
4
Let d(s) = -s**2 - 17*s + 3. Let x = 54 - 71. What is the units digit of d(x)?
3
Let w be 4 + -7 + (1 - -532). What is the tens digit of (5/25)/(2/w)?
5
Suppose 2*f = 4*f - 5*n + 9, 0 = -n + 3. Let c(s) = 5*s**2 + 3*s + 15. Let g(h) = -h**2 - h - 4. Let b(z) = -2*c(z) - 9*g(z). What is the units digit of b(f)?
6
What is the units digit of (-25 - -29) + 132/2?
0
Suppose 3*b + 4*x - 38 = 2, 4*b - 53 = -5*x. Let o = b - 9. Suppose m = -o*m + 16. What is the units digit of m?
4
Let w = 12 + -4. Let h = 18 - w. What is the tens digit of h?
1
Suppose 0 = -4*a - 13 - 7, -m = 5*a - 355. What is the hundreds digit of m?
3
Let y(n) = 5*n**2 + 97*n - 5. What is the units digit of y(-44)?
7
Let o(c) = -c - 10. Let k be o(0). Let g = k - -80. What is the units digit of g?
0
Let c be (-8)/2 + 221 - -3. Suppose 2*o + 3*d + 558 = 7*o, -2*d = -2*o + c. What is the tens digit of o?
1
Suppose -3*j = 1 + 8. Let l = 69 + -61. Let r = l + j. What is the units digit of r?
5
Let y(s) = 4*s**3 + 2*s**2 - 3*s + 3. Let p be y(5). Suppose 5*r = l - 0*l + p, -5*l = -4*r + 443. What is the tens digit of r?
0
Let k(b) = 286*b - 456. What is the tens digit of k(7)?
4
Let w(x) be the second derivative of -x**6/120 - x**5/60 - x**3/3 + x**2/2 + 6*x. Let h(l) be the first derivative of w(l). What is the units digit of h(-2)?
2
Suppose 3*v = 5*v - 4*x + 10288, -2*v - 10276 = -x. What is the tens digit of 5/(-25) + v/(-30)?
7
Let b = -48 + 107. Let k = 60 + b. What is the units digit of k?
9
Suppose 9*j + 27*j = 12708. What is the hundreds digit of j?
3
Let u(z) = 2*z**2 + 18*z + 13. What is the tens digit of u(14)?
5
Let q(u) = 3*u**3 - u**2 + u. Let v be q(1). Suppose -v*w - 9 = -z, 2*w + 2 - 1 = -z. What is the tens digit of 1/(172/(-58) + z)?
2
Suppose 4*h + 1564 = 2*i, -527 - 230 = -i - 3*h. What is the tens digit of i?
7
Let u = -4 - -7. Suppose y + 2*y = 6. Suppose -h - y = -3*n + u, -h + 11 = n. What is the units digit of h?
7
Let o(f) = f**3 + f**2 + f + 402. What is the units digit of o(0)?
2
Let h be 3/(-12) - (-68)/16. Suppose h*c + 0*c + 556 = 0. Let a = 209 + c. What is the tens digit of a?
7
Let q be 1/(-4) + (-85)/(-20). Let i = 1 + q. Suppose u - 165 = -i*k, 3*k - 27 = 5*u + 72. What is the tens digit of k?
3
What is the hundreds digit of ((-50)/(-25))/(2/(278 + 0))?
2
Let z = -855 - -1931. What is the thousands digit of z?
1
Let z(r) = 712*r**2 - 6*r + 25. What is the tens digit of z(2)?
6
What is the hundreds digit of 7 - (-284)/(-40) - (-67203)/30?
2
Let o(t) be the first derivative of -t**4 + t**3/3 + t**2 + 3. Suppose -5*p + y - 15 = 2*y, -2*y = 2*p + 14. What is the units digit of o(p)?
2
Let l(k) = -k**3 - 6*k**2 + 6*k - 7. Let m be l(-7). What is the tens digit of (-884)/(-17) - (m + 1)?
5
Suppose 2*o - 183 - 1059 = 0. What is the units digit of o?
1
Suppose -3*q - c = -62, 2 + 8 = 2*c. Let b = 22 - q. Suppose 0 = 3*k + b*k - 54. What is the units digit of k?
9
Let b(q) = -2*q - 11. Let k be b(8). Let w = -22 - k. Suppose w = 4*f - 59. What is the tens digit of f?
1
Let k(w) = -3*w**3 + 3*w**2 + 10*w + 4. What is the units digit of k(-5)?
4
Suppose -4 = -2*k, 4*j - 12*k - 7076 = -10*k. What is the hundreds digit of j?
7
Let b = -12 - -17. Suppose b*d - 2*d = 0, 12 = 4*r + 5*d. Let j = r - 1. What is the units digit of j?
2
Suppose -4*x = 221 - 633. What is the units digit of (x/(-3))/((-7)/21)?
3
Suppose -2*o + 2*x + 834 = 0, 5*o + 2*x - 822 = 3*o. What is the units digit of o?
4
Let z = -354 - -505. Suppose -7*p = -z - 59. What is the units digit of p?
0
Let k = -529 - -1405. What is the hundreds digit of k?
8
Suppose 3*q = -2*a + 6*q + 2458, -4*a - 2*q + 4932 = 0. What is the tens digit of a?
3
Suppose 0 = -5*b + 13 + 2. Suppose 0 = b*s - 6, x + 2*s - 79 - 62 = 0. Suppose 5 = 5*c, x = 2*d + 3*d - 3*c. What is the tens digit of d?
2
Suppose -5*k - 95 = 120. Let q = 66 + k. Suppos